{"id":2823,"date":"2025-05-18T17:49:01","date_gmt":"2025-05-18T15:49:01","guid":{"rendered":"https:\/\/ahimsasyria.org\/%d8%a3%d9%83%d8%a7%d8%af%d9%8a%d9%85%d9%8a%d8%a9-%d8%a3%d9%87%d9%8a%d9%85%d8%b3%d8%a7\/"},"modified":"2025-07-19T19:06:00","modified_gmt":"2025-07-19T17:06:00","slug":"akademiya-ahemsaye","status":"publish","type":"page","link":"https:\/\/ahimsasyria.org\/kmr\/akademiya-ahemsaye\/","title":{"rendered":"Akademiya Ah\u00eamsay\u00ea"},"content":{"rendered":"\t\t<div data-elementor-type=\"wp-page\" data-elementor-id=\"2823\" class=\"elementor elementor-2823 elementor-2522\" data-elementor-post-type=\"page\">\n\t\t\t\t\t\t<section class=\"elementor-section elementor-top-section elementor-element elementor-element-7b95dc6 elementor-section-boxed elementor-section-height-default elementor-section-height-default\" data-id=\"7b95dc6\" data-element_type=\"section\">\n\t\t\t\t\t\t<div class=\"elementor-container elementor-column-gap-default\">\n\t\t\t\t\t<div class=\"elementor-column elementor-col-33 elementor-top-column elementor-element elementor-element-4944ce3\" data-id=\"4944ce3\" data-element_type=\"column\">\n\t\t\t<div class=\"elementor-widget-wrap elementor-element-populated\">\n\t\t\t\t\t\t<div class=\"elementor-element elementor-element-40386d6 elementor-widget elementor-widget-cz_title\" data-id=\"40386d6\" data-element_type=\"widget\" data-widget_type=\"cz_title.default\">\n\t\t\t\t<div class=\"elementor-widget-container\">\n\t\t\t\t\t\t\r\n\t\t<div>\r\n\t\t\t<div class=\"cz_title clr cz_title_pos_inline\"><div class=\"cz_title_content\"><div class=\"cz_wpe_content\">Her kes\u00ea\/a ku bixwaze ku netundiy\u00ea f\u00eam bike \u00fb w\u00ea bike r\u00eabazeke jiyan\u00ee, em deriy\u00ea bih\u00eazkirin\u00ea li ber w\u00ee\/w\u00ea vedikin.<\/div><\/div><\/div>\r\n\t\t<\/div>\r\n\t\t\r\n\t\t\t\t\t\t<\/div>\n\t\t\t\t<\/div>\n\t\t\t\t\t<\/div>\n\t\t<\/div>\n\t\t\t\t<div class=\"elementor-column elementor-col-66 elementor-top-column elementor-element elementor-element-2424c6e\" data-id=\"2424c6e\" data-element_type=\"column\">\n\t\t\t<div class=\"elementor-widget-wrap elementor-element-populated\">\n\t\t\t\t\t\t<div class=\"elementor-element elementor-element-0e4e440 elementor-grid-2 elementor-grid-tablet-2 elementor-grid-mobile-1 elementor-posts--thumbnail-top elementor-card-shadow-yes elementor-posts__hover-gradient elementor-widget elementor-widget-posts\" data-id=\"0e4e440\" data-element_type=\"widget\" data-settings=\"{&quot;cards_columns&quot;:&quot;2&quot;,&quot;pagination_type&quot;:&quot;numbers_and_prev_next&quot;,&quot;cards_columns_tablet&quot;:&quot;2&quot;,&quot;cards_columns_mobile&quot;:&quot;1&quot;,&quot;cards_row_gap&quot;:{&quot;unit&quot;:&quot;px&quot;,&quot;size&quot;:35,&quot;sizes&quot;:[]},&quot;cards_row_gap_tablet&quot;:{&quot;unit&quot;:&quot;px&quot;,&quot;size&quot;:&quot;&quot;,&quot;sizes&quot;:[]},&quot;cards_row_gap_mobile&quot;:{&quot;unit&quot;:&quot;px&quot;,&quot;size&quot;:&quot;&quot;,&quot;sizes&quot;:[]}}\" data-widget_type=\"posts.cards\">\n\t\t\t\t<div class=\"elementor-widget-container\">\n\t\t\t\t\t\t\t<div class=\"elementor-posts-container elementor-posts elementor-posts--skin-cards elementor-grid\" role=\"list\">\n\t\t\t\t<article class=\"elementor-post elementor-grid-item post-4910 post type-post status-publish format-standard has-post-thumbnail hentry category-akademiya-ahemsaye category-kar-u-xebat tag-astiya-civaki tag-gaven-ber-bi-asti tag-heseke tag-hevjiyan tag-nesiddet tag-qaws-quzah\" role=\"listitem\">\n\t\t\t<div class=\"elementor-post__card\">\n\t\t\t\t<a class=\"elementor-post__thumbnail__link\" href=\"https:\/\/ahimsasyria.org\/kmr\/promo-ya-kampanya-gaven-ber-bi-asti\/\" tabindex=\"-1\" ><div class=\"elementor-post__thumbnail\"><img loading=\"lazy\" decoding=\"async\" width=\"300\" height=\"180\" src=\"https:\/\/ahimsasyria.org\/wp-content\/uploads\/2025\/10\/\u0644\u0648\u063a\u0648-\u0645\u0648\u0642\u0639-300x180.jpg\" class=\"attachment-medium size-medium wp-image-3519\" alt=\"\u0644\u0648\u063a\u0648 \u0645\u0648\u0642\u0639 300x180\" srcset=\"https:\/\/ahimsasyria.org\/wp-content\/uploads\/2025\/10\/\u0644\u0648\u063a\u0648-\u0645\u0648\u0642\u0639-300x180.jpg 300w, https:\/\/ahimsasyria.org\/wp-content\/uploads\/2025\/10\/\u0644\u0648\u063a\u0648-\u0645\u0648\u0642\u0639-768x461.jpg 768w, https:\/\/ahimsasyria.org\/wp-content\/uploads\/2025\/10\/\u0644\u0648\u063a\u0648-\u0645\u0648\u0642\u0639-600x360.jpg 600w, https:\/\/ahimsasyria.org\/wp-content\/uploads\/2025\/10\/\u0644\u0648\u063a\u0648-\u0645\u0648\u0642\u0639.jpg 900w\" sizes=\"auto, (max-width: 300px) 100vw, 300px\" loading=\"lazy\" \/><\/div><\/a>\n\t\t\t\t<div class=\"elementor-post__text\">\n\t\t\t\t<h3 class=\"elementor-post__title\">\n\t\t\t<a href=\"https:\/\/ahimsasyria.org\/kmr\/promo-ya-kampanya-gaven-ber-bi-asti\/\" >\n\t\t\t\tPromo ya kampanya &#8220;Gav\u00ean ber bi A\u015ft\u00ee&#8221;.\t\t\t<\/a>\n\t\t<\/h3>\n\t\t\n\t\t<a class=\"elementor-post__read-more\" href=\"https:\/\/ahimsasyria.org\/kmr\/promo-ya-kampanya-gaven-ber-bi-asti\/\" aria-label=\"Read more about Promo ya kampanya &#8220;Gav\u00ean ber bi A\u015ft\u00ee&#8221;.\" tabindex=\"-1\" >\n\t\t\tB\u00eahtir bixw\u00eene \u00bb\t\t<\/a>\n\n\t\t\t\t<\/div>\n\t\t\t\t<div class=\"elementor-post__meta-data\">\n\t\t\t\t\t<span class=\"elementor-post-date\">\n\t\t\tOctober 7, 2025\t\t<\/span>\n\t\t\t\t<\/div>\n\t\t\t\t\t<\/div>\n\t\t<\/article>\n\t\t\t\t<article class=\"elementor-post elementor-grid-item post-4906 post type-post status-publish format-standard has-post-thumbnail hentry category-akademiya-ahemsaye category-kar-u-xebat tag-astiya-civaki tag-gaven-ber-bi-asti tag-heseke tag-hevgirtina-civaki tag-jiyana-hevpar tag-qaws-quzah\" role=\"listitem\">\n\t\t\t<div class=\"elementor-post__card\">\n\t\t\t\t<a class=\"elementor-post__thumbnail__link\" href=\"https:\/\/ahimsasyria.org\/kmr\/hevgirtina-civaki-u-jiyana-hevpar-di-nav-pekhateyen-bajare-heseke-de\/\" tabindex=\"-1\" ><div class=\"elementor-post__thumbnail\"><img loading=\"lazy\" decoding=\"async\" width=\"300\" height=\"180\" src=\"https:\/\/ahimsasyria.org\/wp-content\/uploads\/2025\/10\/\u0644\u0648\u063a\u0648-\u0645\u0648\u0642\u0639-300x180.jpg\" class=\"attachment-medium size-medium wp-image-3519\" alt=\"\u0644\u0648\u063a\u0648 \u0645\u0648\u0642\u0639 300x180\" srcset=\"https:\/\/ahimsasyria.org\/wp-content\/uploads\/2025\/10\/\u0644\u0648\u063a\u0648-\u0645\u0648\u0642\u0639-300x180.jpg 300w, https:\/\/ahimsasyria.org\/wp-content\/uploads\/2025\/10\/\u0644\u0648\u063a\u0648-\u0645\u0648\u0642\u0639-768x461.jpg 768w, https:\/\/ahimsasyria.org\/wp-content\/uploads\/2025\/10\/\u0644\u0648\u063a\u0648-\u0645\u0648\u0642\u0639-600x360.jpg 600w, https:\/\/ahimsasyria.org\/wp-content\/uploads\/2025\/10\/\u0644\u0648\u063a\u0648-\u0645\u0648\u0642\u0639.jpg 900w\" sizes=\"auto, (max-width: 300px) 100vw, 300px\" loading=\"lazy\" \/><\/div><\/a>\n\t\t\t\t<div class=\"elementor-post__text\">\n\t\t\t\t<h3 class=\"elementor-post__title\">\n\t\t\t<a href=\"https:\/\/ahimsasyria.org\/kmr\/hevgirtina-civaki-u-jiyana-hevpar-di-nav-pekhateyen-bajare-heseke-de\/\" >\n\t\t\t\tHevgirtina civak\u00ee \u00fb jiyana hevpar di nav p\u00eakhatey\u00ean bajar\u00ea Hesek\u00ea de.\t\t\t<\/a>\n\t\t<\/h3>\n\t\t\n\t\t<a class=\"elementor-post__read-more\" href=\"https:\/\/ahimsasyria.org\/kmr\/hevgirtina-civaki-u-jiyana-hevpar-di-nav-pekhateyen-bajare-heseke-de\/\" aria-label=\"Read more about Hevgirtina civak\u00ee \u00fb jiyana hevpar di nav p\u00eakhatey\u00ean bajar\u00ea Hesek\u00ea de.\" tabindex=\"-1\" >\n\t\t\tB\u00eahtir bixw\u00eene \u00bb\t\t<\/a>\n\n\t\t\t\t<\/div>\n\t\t\t\t<div class=\"elementor-post__meta-data\">\n\t\t\t\t\t<span class=\"elementor-post-date\">\n\t\t\tOctober 7, 2025\t\t<\/span>\n\t\t\t\t<\/div>\n\t\t\t\t\t<\/div>\n\t\t<\/article>\n\t\t\t\t<article class=\"elementor-post elementor-grid-item post-4902 post type-post status-publish format-standard has-post-thumbnail hentry category-akademiya-ahemsaye category-kar-u-xebat tag-astiya-civaki tag-ciherengi-hez-e tag-gaven-ber-bi-asti tag-heseke tag-hevjiyana-astiyane tag-nesiddet tag-qaws-quzah\" role=\"listitem\">\n\t\t\t<div class=\"elementor-post__card\">\n\t\t\t\t<a class=\"elementor-post__thumbnail__link\" href=\"https:\/\/ahimsasyria.org\/kmr\/hevjiyana-astiyane-u-ciherengiya-candi-u-civaki-di-nav-pekhateyen-bajare-heseke-de-u-rola-wan-di-xurtkirina-astiya-civaki-de\/\" tabindex=\"-1\" ><div class=\"elementor-post__thumbnail\"><img loading=\"lazy\" decoding=\"async\" width=\"300\" height=\"180\" src=\"https:\/\/ahimsasyria.org\/wp-content\/uploads\/2025\/10\/\u0644\u0648\u063a\u0648-\u0645\u0648\u0642\u0639-300x180.jpg\" class=\"attachment-medium size-medium wp-image-3519\" alt=\"\u0644\u0648\u063a\u0648 \u0645\u0648\u0642\u0639 300x180\" srcset=\"https:\/\/ahimsasyria.org\/wp-content\/uploads\/2025\/10\/\u0644\u0648\u063a\u0648-\u0645\u0648\u0642\u0639-300x180.jpg 300w, https:\/\/ahimsasyria.org\/wp-content\/uploads\/2025\/10\/\u0644\u0648\u063a\u0648-\u0645\u0648\u0642\u0639-768x461.jpg 768w, https:\/\/ahimsasyria.org\/wp-content\/uploads\/2025\/10\/\u0644\u0648\u063a\u0648-\u0645\u0648\u0642\u0639-600x360.jpg 600w, https:\/\/ahimsasyria.org\/wp-content\/uploads\/2025\/10\/\u0644\u0648\u063a\u0648-\u0645\u0648\u0642\u0639.jpg 900w\" sizes=\"auto, (max-width: 300px) 100vw, 300px\" loading=\"lazy\" \/><\/div><\/a>\n\t\t\t\t<div class=\"elementor-post__text\">\n\t\t\t\t<h3 class=\"elementor-post__title\">\n\t\t\t<a href=\"https:\/\/ahimsasyria.org\/kmr\/hevjiyana-astiyane-u-ciherengiya-candi-u-civaki-di-nav-pekhateyen-bajare-heseke-de-u-rola-wan-di-xurtkirina-astiya-civaki-de\/\" >\n\t\t\t\tHevjiyana a\u015ftiyane \u00fb cih\u00earengiya \u00e7and\u00ee \u00fb civak\u00ee di nav p\u00eakhatey\u00ean bajar\u00ea Hesek\u00ea de \u00fb rola wan di xurtkirina a\u015ftiya civak\u00ee de.\t\t\t<\/a>\n\t\t<\/h3>\n\t\t\n\t\t<a class=\"elementor-post__read-more\" href=\"https:\/\/ahimsasyria.org\/kmr\/hevjiyana-astiyane-u-ciherengiya-candi-u-civaki-di-nav-pekhateyen-bajare-heseke-de-u-rola-wan-di-xurtkirina-astiya-civaki-de\/\" aria-label=\"Read more about Hevjiyana a\u015ftiyane \u00fb cih\u00earengiya \u00e7and\u00ee \u00fb civak\u00ee di nav p\u00eakhatey\u00ean bajar\u00ea Hesek\u00ea de \u00fb rola wan di xurtkirina a\u015ftiya civak\u00ee de.\" tabindex=\"-1\" >\n\t\t\tB\u00eahtir bixw\u00eene \u00bb\t\t<\/a>\n\n\t\t\t\t<\/div>\n\t\t\t\t<div class=\"elementor-post__meta-data\">\n\t\t\t\t\t<span class=\"elementor-post-date\">\n\t\t\tOctober 7, 2025\t\t<\/span>\n\t\t\t\t<\/div>\n\t\t\t\t\t<\/div>\n\t\t<\/article>\n\t\t\t\t<article class=\"elementor-post elementor-grid-item post-4898 post type-post status-publish format-standard has-post-thumbnail hentry category-akademiya-ahemsaye category-kar-u-xebat tag-avakirina-astiye tag-civaka-sivil tag-gaven-ber-bi-asti tag-heseke tag-pandemiya-korona tag-qaws-quzah\" role=\"listitem\">\n\t\t\t<div class=\"elementor-post__card\">\n\t\t\t\t<a class=\"elementor-post__thumbnail__link\" href=\"https:\/\/ahimsasyria.org\/kmr\/nerinen-xebatkaren-di-ware-civaka-sivil-de-li-ser-hevkariya-pekhateyen-bajare-heseke-ji-bo-rubirubuna-pandemiya-korona\/\" tabindex=\"-1\" ><div class=\"elementor-post__thumbnail\"><img loading=\"lazy\" decoding=\"async\" width=\"300\" height=\"180\" src=\"https:\/\/ahimsasyria.org\/wp-content\/uploads\/2025\/10\/\u0644\u0648\u063a\u0648-\u0645\u0648\u0642\u0639-300x180.jpg\" class=\"attachment-medium size-medium wp-image-3519\" alt=\"\u0644\u0648\u063a\u0648 \u0645\u0648\u0642\u0639 300x180\" srcset=\"https:\/\/ahimsasyria.org\/wp-content\/uploads\/2025\/10\/\u0644\u0648\u063a\u0648-\u0645\u0648\u0642\u0639-300x180.jpg 300w, https:\/\/ahimsasyria.org\/wp-content\/uploads\/2025\/10\/\u0644\u0648\u063a\u0648-\u0645\u0648\u0642\u0639-768x461.jpg 768w, https:\/\/ahimsasyria.org\/wp-content\/uploads\/2025\/10\/\u0644\u0648\u063a\u0648-\u0645\u0648\u0642\u0639-600x360.jpg 600w, https:\/\/ahimsasyria.org\/wp-content\/uploads\/2025\/10\/\u0644\u0648\u063a\u0648-\u0645\u0648\u0642\u0639.jpg 900w\" sizes=\"auto, (max-width: 300px) 100vw, 300px\" loading=\"lazy\" \/><\/div><\/a>\n\t\t\t\t<div class=\"elementor-post__text\">\n\t\t\t\t<h3 class=\"elementor-post__title\">\n\t\t\t<a href=\"https:\/\/ahimsasyria.org\/kmr\/nerinen-xebatkaren-di-ware-civaka-sivil-de-li-ser-hevkariya-pekhateyen-bajare-heseke-ji-bo-rubirubuna-pandemiya-korona\/\" >\n\t\t\t\tN\u00ear\u00een\u00ean xebatkar\u00ean di war\u00ea civaka siv\u00eel de li ser hevkariya p\u00eakhatey\u00ean bajar\u00ea Hesek\u00ea ji bo r\u00fbbir\u00fbb\u00fbna pandemiya Korona.\t\t\t<\/a>\n\t\t<\/h3>\n\t\t\n\t\t<a class=\"elementor-post__read-more\" href=\"https:\/\/ahimsasyria.org\/kmr\/nerinen-xebatkaren-di-ware-civaka-sivil-de-li-ser-hevkariya-pekhateyen-bajare-heseke-ji-bo-rubirubuna-pandemiya-korona\/\" aria-label=\"Read more about N\u00ear\u00een\u00ean xebatkar\u00ean di war\u00ea civaka siv\u00eel de li ser hevkariya p\u00eakhatey\u00ean bajar\u00ea Hesek\u00ea ji bo r\u00fbbir\u00fbb\u00fbna pandemiya Korona.\" tabindex=\"-1\" >\n\t\t\tB\u00eahtir bixw\u00eene \u00bb\t\t<\/a>\n\n\t\t\t\t<\/div>\n\t\t\t\t<div class=\"elementor-post__meta-data\">\n\t\t\t\t\t<span class=\"elementor-post-date\">\n\t\t\tOctober 6, 2025\t\t<\/span>\n\t\t\t\t<\/div>\n\t\t\t\t\t<\/div>\n\t\t<\/article>\n\t\t\t\t<article class=\"elementor-post elementor-grid-item post-4894 post type-post status-publish format-standard has-post-thumbnail hentry category-akademiya-ahemsaye category-kar-u-xebat tag-avakirina-astiye tag-biryara-2250 tag-ciwan-u-biryardan tag-gaven-ber-bi-asti tag-heseke tag-qaws-quzah\" role=\"listitem\">\n\t\t\t<div class=\"elementor-post__card\">\n\t\t\t\t<a class=\"elementor-post__thumbnail__link\" href=\"https:\/\/ahimsasyria.org\/kmr\/nerina-ciwanen-heseke-li-ser-asta-zanina-wan-bi-biryara-encumena-ewlekariye-ya-2250\/\" tabindex=\"-1\" ><div class=\"elementor-post__thumbnail\"><img loading=\"lazy\" decoding=\"async\" width=\"300\" height=\"180\" src=\"https:\/\/ahimsasyria.org\/wp-content\/uploads\/2025\/10\/\u0644\u0648\u063a\u0648-\u0645\u0648\u0642\u0639-300x180.jpg\" class=\"attachment-medium size-medium wp-image-3519\" alt=\"\u0644\u0648\u063a\u0648 \u0645\u0648\u0642\u0639 300x180\" srcset=\"https:\/\/ahimsasyria.org\/wp-content\/uploads\/2025\/10\/\u0644\u0648\u063a\u0648-\u0645\u0648\u0642\u0639-300x180.jpg 300w, https:\/\/ahimsasyria.org\/wp-content\/uploads\/2025\/10\/\u0644\u0648\u063a\u0648-\u0645\u0648\u0642\u0639-768x461.jpg 768w, https:\/\/ahimsasyria.org\/wp-content\/uploads\/2025\/10\/\u0644\u0648\u063a\u0648-\u0645\u0648\u0642\u0639-600x360.jpg 600w, https:\/\/ahimsasyria.org\/wp-content\/uploads\/2025\/10\/\u0644\u0648\u063a\u0648-\u0645\u0648\u0642\u0639.jpg 900w\" sizes=\"auto, (max-width: 300px) 100vw, 300px\" loading=\"lazy\" \/><\/div><\/a>\n\t\t\t\t<div class=\"elementor-post__text\">\n\t\t\t\t<h3 class=\"elementor-post__title\">\n\t\t\t<a href=\"https:\/\/ahimsasyria.org\/kmr\/nerina-ciwanen-heseke-li-ser-asta-zanina-wan-bi-biryara-encumena-ewlekariye-ya-2250\/\" >\n\t\t\t\tn\u00ear\u00eena ciwan\u00ean Hesek\u00ea li ser asta zan\u00eena wan bi biryara Encumena Ewlekariy\u00ea ya 2250.\t\t\t<\/a>\n\t\t<\/h3>\n\t\t\n\t\t<a class=\"elementor-post__read-more\" href=\"https:\/\/ahimsasyria.org\/kmr\/nerina-ciwanen-heseke-li-ser-asta-zanina-wan-bi-biryara-encumena-ewlekariye-ya-2250\/\" aria-label=\"Read more about n\u00ear\u00eena ciwan\u00ean Hesek\u00ea li ser asta zan\u00eena wan bi biryara Encumena Ewlekariy\u00ea ya 2250.\" tabindex=\"-1\" >\n\t\t\tB\u00eahtir bixw\u00eene \u00bb\t\t<\/a>\n\n\t\t\t\t<\/div>\n\t\t\t\t<div class=\"elementor-post__meta-data\">\n\t\t\t\t\t<span class=\"elementor-post-date\">\n\t\t\tOctober 6, 2025\t\t<\/span>\n\t\t\t\t<\/div>\n\t\t\t\t\t<\/div>\n\t\t<\/article>\n\t\t\t\t<\/div>\n\t\t\n\t\t\t\t\t\t<\/div>\n\t\t\t\t<\/div>\n\t\t\t\t\t<\/div>\n\t\t<\/div>\n\t\t\t\t\t<\/div>\n\t\t<\/section>\n\t\t\t\t<\/div>\n\t\t","protected":false},"excerpt":{"rendered":"<p>Her kes\u00ea\/a ku bixwaze ku netundiy\u00ea f\u00eam bike \u00fb w\u00ea bike r\u00eabazeke jiyan\u00ee, em deriy\u00ea bih\u00eazkirin\u00ea li ber w\u00ee\/w\u00ea vedikin. &#8230; <a class=\"cz_readmore\" href=\"https:\/\/ahimsasyria.org\/kmr\/nerina-ciwanen-heseke-li-ser-asta-zanina-wan-bi-biryara-encumena-ewlekariye-ya-2250\/\"><i class=\"fa czico-201-back\" aria-hidden=\"true\"><\/i><span>\u0627\u0642\u0631\u0623 \u0627\u0644\u0645\u0632\u064a\u062f<\/span><\/a><\/p>\n","protected":false},"author":1,"featured_media":0,"parent":0,"menu_order":0,"comment_status":"closed","ping_status":"closed","template":"","meta":{"footnotes":""},"class_list":["post-2823","page","type-page","status-publish","hentry"],"_links":{"self":[{"href":"https:\/\/ahimsasyria.org\/kmr\/wp-json\/wp\/v2\/pages\/2823","targetHints":{"allow":["GET"]}}],"collection":[{"href":"https:\/\/ahimsasyria.org\/kmr\/wp-json\/wp\/v2\/pages"}],"about":[{"href":"https:\/\/ahimsasyria.org\/kmr\/wp-json\/wp\/v2\/types\/page"}],"author":[{"embeddable":true,"href":"https:\/\/ahimsasyria.org\/kmr\/wp-json\/wp\/v2\/users\/1"}],"replies":[{"embeddable":true,"href":"https:\/\/ahimsasyria.org\/kmr\/wp-json\/wp\/v2\/comments?post=2823"}],"version-history":[{"count":0,"href":"https:\/\/ahimsasyria.org\/kmr\/wp-json\/wp\/v2\/pages\/2823\/revisions"}],"wp:attachment":[{"href":"https:\/\/ahimsasyria.org\/kmr\/wp-json\/wp\/v2\/media?parent=2823"}],"curies":[{"name":"wp","href":"https:\/\/api.w.org\/{rel}","templated":true}]}}